{"id":4309,"date":"2018-11-12T07:59:43","date_gmt":"2018-11-12T07:59:43","guid":{"rendered":"http:\/\/demo.acmethemes.com\/restaurant-recipe-pro\/?page_id=12"},"modified":"2023-04-05T08:20:38","modified_gmt":"2023-04-05T07:20:38","slug":"about-2","status":"publish","type":"page","link":"https:\/\/stadtwirt-windisch.at\/?page_id=4309","title":{"rendered":"\u00fcber uns"},"content":{"rendered":"<div id=\"pl-4309\"  class=\"panel-layout\" ><div id=\"pg-4309-0\"  class=\"panel-grid panel-no-style\" ><div id=\"pgc-4309-0-0\"  class=\"panel-grid-cell\" ><div id=\"panel-4309-0-0-0\" class=\"so-panel widget widget_restaurant_recipe_service panel-first-child panel-last-child\" data-index=\"0\" >            <section id=\"restaurant_recipe_service-3\" class=\"at-widgets acme-services  normal at-no-parallax\" style=\"\">\r\n                <div class=\"container\">\r\n\r\n\t\t\t\t\t<div class='at-widget-title-wrapper'><h3 class=\"widget-title\">Die Geschichte des Stadtwirten<\/h3><\/div>                    <div class=\"row featured-entries-col featured-entries-logo column\">\r\n\t\t\t\t\t\t                                    <div class=\"single-list col-sm-12 column\">\r\n                                        <div class=\"single-item init-animate zoomIn\">\r\n                                            <div class=\"icon clearfix\">\r\n\t\t\t\t\t\t\t\t\t\t\t\t<i class=\"fa fa-suitcase\"><\/i>                                            <\/div>\r\n                                            <h3 class=\"title\">\r\n\t\t\t\t\t\t\t\t\t\t\t\tGeschichte                                            <\/h3>\r\n\t\t\t\t\t\t\t\t\t\t\t                                                <div class=\"content\">\r\n                                                    <div class=\"details\">\r\n\t\t\t\t\t\t\t\t\t\t\t\t\t\t<h3><strong>Die Geschichte des Stadtwirts begann vor \u00fcber 100 Jahren, n\u00e4mlich im Jahre 1916.<\/strong><\/h3>\n<p>Theresia Lukowitsch, geborene Kratsch\u00admann, aus Sommerein heiratete das erste Mal und zwar einen Herrn Zwerger. Versuch Num\u00admer zwei wurde einem gewissen Herrn Mart\u00adschitz zuteil, bis schlie\u00dflich &#8211; aller guten Din\u00adge sind ja bekanntlich drei &#8211; Josef Lukowitsch zu Ehemann Nummer drei erkoren und auch behalten wurde.<img decoding=\"async\" class=\"wp-image-4701 size-thumbnail alignleft\" src=\"https:\/\/stadtwirt-windisch.at\/wp-content\/uploads\/2023\/04\/Bild-Gasthof-Hummel-Windisch-150x150.jpg\" alt=\"\" width=\"150\" height=\"150\" \/><\/p>\n<p>Dieser brachte einige Kinder in die Ehe mit, darunter Anna, Josef und The\u00adresia Lukowitsch. Anna heiratete 1948 den Fleischergehilfen Johann Windisch und ein Jahr sp\u00e4ter kam Sohnemann Hannes zur Welt.\u00a01971 \u00fcbernahm dieser gemeinsam mit seiner Frau Hermine das Gasthaus und die heutige Wirtin Bernadette Windisch kam im Jahre 1972 als Kind von Helmut und Hermine auf der Platte 11 in Mannersdorf zur Welt. Sie besuchte nach Volks- und Haupt- die Gastgewerbefachschu\u00adle in Neusiedl am See und nach einem kurzen Ausflug in die Zahntechnik machte sie 1998 ihre Jagdpr\u00fcfung, ehe sie die Konzession f\u00fcr ein Gastgewerbe ihr Eigen nennen konnte.<img decoding=\"async\" class=\"alignright wp-image-4821 size-thumbnail\" src=\"https:\/\/stadtwirt-windisch.at\/wp-content\/uploads\/2023\/04\/125366116_1530668800464435_864434723671066395_n-150x150.jpg\" alt=\"text\" width=\"150\" height=\"150\" \/><\/p>\n<p>Bernadette Windisch erkl\u00e4rt; ,, Mir wurde der Beruf quasi in die Wiege gelegt. Mit drei Jahren half ich schon meinem Papa beim Servieren. Damals waren 10 Groschen noch richtig viel Geld f\u00fcr mich. Nach der Schule sollte ich immer zu meiner Oma auf die Platte gehen, wo wir bis 1984 wohnten. Doch mich zog es immer wieder ins Gasthaus. Nach meiner Ausbildung beschloss ich, einen anderen Beruf zu erler\u00adnen, n\u00e4mlich Zahnarztassistentin.\u00a0Ich half aber trotzdem immer im Gasthaus mit, im Jahr 2000 beschlossen meine Eltern in Pension und sp\u00e4testens da stand mein Entschluss fest, Gastwirtin zu werden.&#8221; 2002 kam dann der erste Sohn Karl-Josef zur Welt und 2005 folgte Andreas. Die zwei sind Mamas ganzer Stolz: ,, Vielleicht hat ja einer der beiden einmal Interesse den Betrieb weiterzuf\u00fchren, was in der heutigen Zeit nicht immer leicht ist. Ohne meine Eltern h\u00e4tte ich das auch nie geschafft. Daher auch gro\u00dfen Dank an die beiden.&#8221; \u00a0<\/p>\n<p><img decoding=\"async\" class=\"alignleft wp-image-4487 size-thumbnail\" src=\"https:\/\/stadtwirt-windisch.at\/wp-content\/uploads\/2022\/10\/cache_2414294721-150x150.jpg\" alt=\"\" width=\"150\" height=\"150\" \/>Das beim Stadtwirt Windisch mit viel Liebe gekocht und serviert wird zeigt sich auch an einer Auszeichnung, die das Lokal und sei\u00adne Wirtin seit dem Vorjahr ihr Eigen nennen k\u00f6nnen. 2016 wurde zum zweitbeliebtesten Nahversorger des Landes w\u00e4hlt. Von Mitt\u00adwoch bis Freitag bietet Bernadette Windisch Mittagsmen\u00fcs an. Der Stadtwirt ist beliebter Treffpunkt f\u00fcr Fischer und J\u00e4ger. Auch die di\u00adversen Jahresfeste sind immer gut besucht. So finden zum Beispiel Faschingsfeiern, Summer Openings und Summer Endings, Sturmparties und Perchtenveranstaltungen statt. Im Sommer gibt es die beliebten Grill-Events. Dienstag wird dabei Steckerlfisch serviert und am Freitag diverse Grill\u00adspezialit\u00e4ten.<\/p>\n<p>\u00a0<\/p>\n<p>\u00a0<\/p>\n<p>\u00a0<\/p>\n<p>\u00a0<\/p>\n\n\n\n\n<section id=\"section-215b72e9-c9f6-490b-a29c-cfd8770d45d5\" class=\"wp-block-gutentor-image-slider gutentor-section gutentor-image-slider imageSlider-template1 has-color-bg has-custom-bg\"><div class=\"gutentor-block-header\"><div class=\"gutentor-section-title enable-title-design seperator-bottom text-center\"><h2 class=\"gutentor-title\">Bildgallerie<\/h2><\/div><\/div><div class=\"gutentor-grid-item-wrap\"><div class=\"gutentor-slider-wrapper\" data-dots=\"true\" data-arrows=\"true\" data-infinite=\"false\" data-nextarrow=\"fas fa-angle-right\" data-prevarrow=\"fas fa-angle-left\" data-autoplay=\"true\" data-autoplayspeed=\"3000\" data-fade=\"false\" data-speed=\"3000\"><div class=\"gutentor-slider-item\"><div class=\"gutentor-single-item gutentor-single-item-0\"><div class=\"gutentor-single-item-wrap\"><div class=\"gutentor-single-item-image-box\"><div class=\"gutentor-image-thumb\"><img loading=\"lazy\" loading=\"lazy\" decoding=\"async\" class=\"normal-image\" src=\"https:\/\/stadtwirt-windisch.at\/wp-content\/uploads\/2023\/04\/S1060008_zugeschnitten-scaled.jpg\" alt=\"\" height=\"1810\" width=\"2560\"\/><\/div><\/div><\/div><\/div><\/div><div class=\"gutentor-slider-item\"><div class=\"gutentor-single-item gutentor-single-item-1\"><div class=\"gutentor-single-item-wrap\"><div class=\"gutentor-single-item-image-box\"><div class=\"gutentor-image-thumb\"><img loading=\"lazy\" loading=\"lazy\" decoding=\"async\" class=\"normal-image\" src=\"https:\/\/stadtwirt-windisch.at\/wp-content\/uploads\/2023\/04\/S1060009_zugeschnitten-scaled.jpg\" alt=\"\" height=\"1698\" width=\"2560\"\/><\/div><\/div><\/div><\/div><\/div><div class=\"gutentor-slider-item\"><div class=\"gutentor-single-item gutentor-single-item-2\"><div class=\"gutentor-single-item-wrap\"><div class=\"gutentor-single-item-image-box\"><div class=\"gutentor-image-thumb\"><img decoding=\"async\" class=\"normal-image\" src=\"https:\/\/stadtwirt-windisch.at\/wp-content\/uploads\/2023\/04\/S1060007_zugeschnitten-1.jpg\" alt=\"\" height=\"\" width=\"\"\/><\/div><\/div><\/div><\/div><\/div><div class=\"gutentor-slider-item\"><div class=\"gutentor-single-item gutentor-single-item-3\"><div class=\"gutentor-single-item-wrap\"><div class=\"gutentor-single-item-image-box\"><div class=\"gutentor-image-thumb\"><img loading=\"lazy\" loading=\"lazy\" decoding=\"async\" class=\"normal-image\" src=\"https:\/\/stadtwirt-windisch.at\/wp-content\/uploads\/2023\/04\/S1060006_zugeschnitten-scaled.jpg\" alt=\"\" height=\"1699\" width=\"2560\"\/><\/div><\/div><\/div><\/div><\/div><\/div><\/div><\/section>\n                                                    <\/div>\r\n                                                <\/div>\r\n\t\t\t\t\t\t\t\t\t\t\t\t                                        <\/div>\r\n                                    <\/div>\r\n\t\t\t\t\t\t\t\t\t                    <\/div><!--row-->\r\n\t\t\t\t\t                <\/div><!--cointainer-->\r\n            <\/section>\r\n\t\t\t<\/div><\/div><\/div><\/div>","protected":false},"excerpt":{"rendered":"","protected":false},"author":1,"featured_media":0,"parent":0,"menu_order":0,"comment_status":"closed","ping_status":"closed","template":"page-templates\/template-builder.php","meta":{"_mc_calendar":[],"footnotes":""},"class_list":["post-4309","page","type-page","status-publish","hentry"],"_links":{"self":[{"href":"https:\/\/stadtwirt-windisch.at\/index.php?rest_route=\/wp\/v2\/pages\/4309","targetHints":{"allow":["GET"]}}],"collection":[{"href":"https:\/\/stadtwirt-windisch.at\/index.php?rest_route=\/wp\/v2\/pages"}],"about":[{"href":"https:\/\/stadtwirt-windisch.at\/index.php?rest_route=\/wp\/v2\/types\/page"}],"author":[{"embeddable":true,"href":"https:\/\/stadtwirt-windisch.at\/index.php?rest_route=\/wp\/v2\/users\/1"}],"replies":[{"embeddable":true,"href":"https:\/\/stadtwirt-windisch.at\/index.php?rest_route=%2Fwp%2Fv2%2Fcomments&post=4309"}],"version-history":[{"count":49,"href":"https:\/\/stadtwirt-windisch.at\/index.php?rest_route=\/wp\/v2\/pages\/4309\/revisions"}],"predecessor-version":[{"id":4813,"href":"https:\/\/stadtwirt-windisch.at\/index.php?rest_route=\/wp\/v2\/pages\/4309\/revisions\/4813"}],"wp:attachment":[{"href":"https:\/\/stadtwirt-windisch.at\/index.php?rest_route=%2Fwp%2Fv2%2Fmedia&parent=4309"}],"curies":[{"name":"wp","href":"https:\/\/api.w.org\/{rel}","templated":true}]}}